s divided by 36.
34
Suppose -50*l - 1102 = -108*l. Calculate the remainder when 733 is divided by l.
11
What is the remainder when 11/(286/4) - ((-20391)/39 + -5) is divided by 94?
58
Let b = 5210 + -5088. Calculate the remainder when 892 is divided by b.
38
Suppose -54*p + 19451 + 1084 = -13215. Calculate the remainder when p is divided by 30.
25
Let d be ((-1)/(-2))/(2*2/(-8)). Calculate the remainder when 24 is divided by 4*d*165/(-30).
2
Let y = -5496 + 5696. Calculate the remainder when 797 is divided by y.
197
Suppose -3*f + 0*u + 113 = -u, -2*u = -2. Suppose 4*r - g - f = 0, 3*r = -0*r - 5*g + 40. Calculate the remainder when 23 is divided by (-209)/(-22) - r/4.
2
Let p be (78/234)/((-16)/(-18) + -1). Calculate the remainder when 0 + 3 + 795/(p - -18) is divided by 7.
0
Let i(k) = k**2 + 6 - 9 - 15*k - 1. Calculate the remainder when i(16) is divided by (-2)/6 + 2*(-11)/(-3).
5
Let p(a) = -2*a**2 - 16*a + 400. Let y(j) = -8*j**3 - 6*j**2 - 5*j + 3. What is the remainder when y(-4) is divided by p(10)?
39
Let j(m) = -8*m - 79. Let q(v) = 7*v + 82. Let b(k) = 3*j(k) + 2*q(k). Calculate the remainder when 202 is divided by b(-8).
6
Suppose -26 - 127 = -3*n. Suppose 308*s + 54884 - 259624 = -272*s. Calculate the remainder when s is divided by n.
47
Let j = 3735 - -1363. What is the remainder when j is divided by 150?
148
Suppose 0 = 5*p - 10, -x + 0*p + 3*p = -32. Let f = -39128 - -39200. What is the remainder when f is divided by x?
34
Suppose -3*s - 4*l - 11 - 45 = 0, 5*l = 20. Let k = s + 34. Suppose -3*h + 3*i = 4*i - 173, k = 5*i. Calculate the remainder when h is divided by 30.
27
Suppose -28 = -3*c - 2*f, -2*f = -2*c - 6*f. Let j = 18 + 7. Calculate the remainder when j is divided by c.
11
Let i = 2 - 5. Let c be (i/(-12))/((-3)/(-228)). Suppose y = -2*n + 3, 3*y = -n - 5 + c. What is the remainder when 12 is divided by y?
2
Suppose -181 + 190 = g. Suppose -3*p + 18 = g. Suppose p*f - 46 = 104. Calculate the remainder when f is divided by 20.
10
Let q(k) = -2*k**3 - 6*k**2 + 4*k - 61. What is the remainder when q(-10) is divided by 26?
25
Suppose -13926 = -116*a + 110*a. Calculate the remainder when a is divided by 25.
21
Let y(w) = w**3 + 11*w**2 - w + 37. Let i be y(-9). Suppose 17*l = 319 + i. Calculate the remainder when l is divided by 20.
11
Suppose -2*f - 146 = 2*v - 712, 0 = -4*v + 12*f + 1164. Let u(d) = 3*d - 2. Calculate the remainder when v is divided by u(5).
12
Let k(a) = -5*a + 1102. Calculate the remainder when k(92) is divided by 66.
48
Let y(o) = 2*o**2 - 4*o - 299. Let p be y(0). Let j = 917 + p. What is the remainder when j is divided by 69?
66
Let l = -42 - -53. Suppose -5 = -2*y + l. Suppose -y*i + 40 = -64. What is the remainder when 76 is divided by i?
11
Suppose -1014*u + 19040 = -878*u. Calculate the remainder when 470 is divided by u.
50
Let t = 10198 + -10039. What is the remainder when 2222 is divided by t?
155
Let g(b) be the second derivative of b**5/20 - b**4 - 5*b**3/3 + 15*b**2/2 + b. Suppose 9*m + 221 = 26*m. What is the remainder when g(m) is divided by 29?
25
Suppose 29*m - 290 = 174 - 58. Calculate the remainder when 70 is divided by m.
0
Suppose 0 = h - 119*h + 19457 + 6267. What is the remainder when h is divided by 47?
30
Suppose -4*u + 49 - 54 = -3*d, -2*u + 2 = 0. Calculate the remainder when 8616 is divided by d.
0
Suppose -18*v = 11*v + 63*v - 166336. Calculate the remainder when v is divided by 31.
10
Let i = 78 + -78. Let y(s) = -s + 5. Let r be y(i). Suppose -73 = -r*d + 27. What is the remainder when 57 is divided by d?
17
Suppose 34*n - 103739 = -37303. What is the remainder when n is divided by 12?
10
Suppose -2*p = 2, 2*y = 6*y - p - 85. Suppose y = v - q - 4*q, -4*v - q + 147 = 0. What is the remainder when 93 is divided by v?
21
Let a(p) = -p**3 - p - 168. Let l be a(0). Let j = l + 85. Let x = 94 + j. Calculate the remainder when 119 is divided by x.
9
What is the remainder when 865 is divided by ((-9)/(-12))/(1/((-260)/(-3)))?
20
Let l(b) = b**2 + 17*b + 7. Suppose 3*p + 59 - 8 = 0. Let h be l(p). Suppose 5*x = h*x - 16. Calculate the remainder when 23 is divided by x.
7
Suppose -40*y + 159 = 13*y. Suppose -139 = -4*d - y*b + 8*b, b - 181 = -5*d. What is the remainder when 136 is divided by d?
28
Let p(s) = -3*s**3 - 82*s**2 - 43*s - 270. What is the remainder when 4366 is divided by p(-27)?
154
Suppose -4*w - 3*o = -177, -w - 4*o + 3*o = -43. Let x = -69 + 75. Let j(k) = 7*k - 25. What is the remainder when w is divided by j(x)?
14
Let u(m) = 2*m**3 + 44*m**2 + 57*m + 643. What is the remainder when u(-20) is divided by 139?
130
Let j be (-6)/(-4) - 5/(-2). Suppose -j*c - 204 = -7*c. Suppose 3 + 110 = 5*r + 2*u, c = 4*r - 4*u. Calculate the remainder when 35 is divided by r.
14
Let d(n) = -18*n - 111. Let r(o) = 3*o**2 + 3*o. What is the remainder when d(-15) is divided by r(-3)?
15
Let l(b) = -b**2 - 14*b - 30. Let a be l(-12). Calculate the remainder when 38 is divided by a + 3 + 16 + -9.
2
Let q(h) = h**3 - 5*h**2 - h + 5. Let u be q(5). Suppose -4*y = 7 + 13, u = 3*i - 5*y - 103. What is the remainder when i is divided by (14/(-9))/(54/(-243))?
5
Let s = 997 - 820. Calculate the remainder when s is divided by 38.
25
Let t(d) = 796*d + 802. What is the remainder when 7 is divided by t(-1)?
1
Suppose -4*o + 868 = -132. Suppose -8*b = 2*b - o. Calculate the remainder when 345 is divided by b.
20
What is the remainder when 163 - (1 + -4 - -1) is divided by 16*((-2)/(-4))/((-68)/(-238))?
25
Suppose -67 - 18 = -5*n. Suppose -4*z = z. Calculate the remainder when 62*(-2 + z)/(7 + -11) is divided by n.
14
Suppose 0 = 10*o - 6*o - 2*g + 1910, 5*o - g = -2395. What is the remainder when (-581)/(-3) - o/(-288) is divided by 72?
48
Let w(i) = 118*i + 31. Let v be w(-5). Let f = 576 + v. Calculate the remainder when 69 is divided by f.
1
Suppose 1 = -2*p - 87. Suppose -51 + 29 = m. Let y = m - p. What is the remainder when 40 is divided by y?
18
Let b = 12430 + -11010. Calculate the remainder when b is divided by 473.
1
Let d(q) = -21*q - 77. Let l be d(-10). Let x = l - 78. Calculate the remainder when 438 is divided by x.
53
Let u(b) = 4*b - 7. Let r(f) = 2. Let d(i) = -4*r(i) + 2*u(i). Calculate the remainder when d(4) is divided by 7.
3
Suppose 73*n - 505 = 1160 + 3737. Calculate the remainder when 184 is divided by n.
36
Suppose -234 = 8*w - 626. What is the remainder when w is divided by 8?
1
Let y(r) = 2*r**3 - 23*r**2 + 12*r - 8. Suppose 4*k = 27 + 9. Calculate the remainder when k is divided by y(11).
0
Suppose 0 = 3*o + 4*v - 261 - 112, -4*o = -5*v - 456. Suppose 0 = -5*n + 139 - o. What is the remainder when 9 is divided by n?
1
Suppose -22*f + 24*f - 290 = 0. Let x = 301 - f. Calculate the remainder when x is divided by 53.
50
Suppose n + 3*c = 187, 6*n + 2*c = 10*n - 692. What is the remainder when 694 is divided by n?
169
Suppose 5*b = m - 14 - 22, -5*m + 12 = -b. Suppose -w + 0*w = -34. Calculate the remainder when w is divided by 40/140 + (-47)/b.
6
Suppose -3*w - 2*w = 20. Let b(u) be the first derivative of -u**4/4 - u**3/3 - 3*u**2/2 - u + 280. What is the remainder when b(w) is divided by 21?
17
Let i = -499 + 1240. Let a = -559 + i. Calculate the remainder when a is divided by 47.
41
Let y(h) = -h**2 - 16*h + 3. Let v = 3412 + -3378. Calculate the remainder when y(-7) is divided by v.
32
Let q = 2223 + -2146. What is the remainder when q is divided by 63?
14
Let o be (-2 - 0)/(5/(-5)). Suppose o*g - 3 = g. Let l = -1012 + 1029. What is the remainder when l is divided by g?
2
Let k = 350 - 224. What is the remainder when -3 - ((-17730)/k - (-2)/(-7)) is divided by 20?
18
Let t = -886 - -908. Suppose 2*w + 2*b + 2*b = 164, -w + 4*b = -82. Calculate the remainder when w is divided by t.
16
Suppose -3*y + 18 = -63. Let q be (-31 + 30)/((-1)/(-18) + 0). What is the remainder when 6755/42 + 15/q is divided by y?
25
Let x(u) be the third derivative of 37*u**6/60 - u**5/30 + u**3/3 - 13*u**2. Calculate the remainder when x(1) is divided by 16.
10
Suppose -20 - 4 = -3*u. Suppose -2*k - 9*y + u*y = -10, 4*y = 16. Let r = 14 + -12. Calculate the remainder when k is divided by r.
1
Let v = -69 + 98. What is the remainder when 628/10 + (-21 - (-5252)/260) is divided by v?
4